he highest common divisor of 152 and r?
38
Let u be ((-1)/1)/((-3)/(-18)). Let f(n) = 5*n**3 - 3*n**2 + 5*n + 2. Let y be f(2). Let o be u/(1 + y/(-25)). What is the greatest common factor of 130 and o?
10
Suppose -5*l + 279*k = 277*k - 134, -4*l - 2*k = -136. Let t be -2 - (-2 - (10 - -1)). Suppose 432 + l = t*o. What is the greatest common divisor of o and 6?
6
Let u be -7 + 88 + -10 + 7. Calculate the greatest common divisor of 1755 and u.
39
Let n(x) = 12*x**3 + x**2 + 4*x - 6. Let b be n(5). Let u be b/4 + (-2)/(-8). Let w be u/3 + 95/(-15) + 6. Calculate the greatest common divisor of w and 16.
16
Let v(n) = 105*n**2 + 33*n + 118. Let x be v(-4). Calculate the greatest common factor of 28 and x.
14
Let i be (-78 + (-49)/7)/((-2)/(-2)). Let r = -8 - i. Calculate the highest common divisor of r and 33.
11
Let g be (-1 + 6 - -8331)/((-5)/(-10)). Calculate the greatest common divisor of g and 32.
32
Let h be (2*(-4940)/40)/(-1). Calculate the greatest common factor of 39 and h.
13
Suppose -18*n - 15*n = -10*n - 213072. Calculate the greatest common divisor of 96 and n.
48
Suppose 0 = 5*v - 19 - 51. Let x be v/3*3 - (4 - 0). Calculate the greatest common factor of x and 70.
10
Suppose -2*u - 5*q = -140, 4*u + 2*q + 110 = 422. Suppose -27*f - 58*f + 23800 = 0. Calculate the greatest common divisor of u and f.
40
Let d(o) = 6*o**3 - 123*o**2 - 52*o - 47. Let h be d(21). What is the highest common divisor of 3013 and h?
23
Let f(t) = 3*t + 8. Let k be f(-10). Let n be (2/4)/(11/(-22)). Let w be (-31382)/(-187) - (n - 18/k). What is the highest common factor of 14 and w?
14
Suppose -2*r - 2*r + 8 = 0. Let l = -54 + 87. Suppose 9*g - l = 111. Calculate the greatest common divisor of r and g.
2
Suppose 5*s + 0*s = -3*k + 16, 2*k - 4 = 0. Suppose i = -i + 4*n + 104, 8 = -s*n. Let l be (-7)/(7/(-11))*32. Calculate the greatest common divisor of i and l.
44
Let w = 17 - 5. Let i be (-8 - -3*(-2)/(-1))*(-42 + -27). Calculate the highest common factor of i and w.
6
Let j = -12667 - -13192. Calculate the highest common factor of 165 and j.
15
Let o = -204 - -99. Let f be ((-288)/21)/(10/o). What is the greatest common factor of f and 8?
8
Let r(g) = 33*g**2 + g. Let f be r(-2). Suppose -3*m + 44 = 2*u, -5*m + 2*u = 13416 - 13452. What is the highest common divisor of f and m?
10
Suppose 2*p - 2*u = -2, 3*p = 3*u - u. Let d(x) = x**2 + 15*x + 35. Let s be d(-14). Let j be p + 7/(s/258). What is the highest common divisor of j and 11?
11
Let u be (-17204)/(-132)*(-4 + 1). Let b = u + 392. What is the highest common divisor of b and 37?
1
Let l be ((-318)/(-265))/(1/1800). Calculate the greatest common divisor of l and 504.
72
Suppose 0 = -4*m - 4*l + 428, 0 = -m - 32*l + 27*l + 111. Calculate the greatest common factor of m and 13.
1
Suppose -9 = -2*j + 19. Let r(y) = -y**3 + 16*y**2 - 26*y - 19. Let h be r(j). Calculate the greatest common divisor of h and 1.
1
Let d(a) = -a**3 - a + 185. Let s be d(0). Suppose 7*o + 8 = -62. Let c be o/2*-8 - (-24)/(-8). What is the greatest common divisor of c and s?
37
Let n = 3794 + -3768. What is the highest common factor of n and 7982?
26
Let x be -31 + (16 - 23 - -272). Suppose -5*i - h - 30 = -124, 0 = 5*i + 2*h - 98. What is the greatest common divisor of x and i?
18
Let j(v) = -v**2 - 64*v - 48. Let f be j(-60). What is the greatest common factor of f and 444?
12
Suppose 4*k - 26 = 2*s - 4*s, 4*s - 2*k - 2 = 0. Suppose 0 = 5*t, -4*j + s*t = -t - 16. What is the greatest common factor of 26 and j?
2
Let u be (-976)/64 + (-2 - 10/(-8)). Let i = u + 12. Let q be (3 + -7 + 5)/((-1)/i). What is the highest common divisor of q and 44?
4
Let i(d) = d**2 + 2*d + 4. Let p be i(0). Suppose 0 = -p*n + 131 + 729. Suppose -2*l = 5*s - n, -7 = 3*s - 4. Calculate the highest common divisor of 10 and l.
10
Suppose 16024 = 17*b - 738. Calculate the highest common factor of 170 and b.
34
Let t(g) = 47 - 5*g + 8*g - 33. Let l be t(-4). Calculate the greatest common divisor of 18 and l.
2
Let r = -6 - -18. Suppose 3*z + r = -z, 4*z + 27 = 5*u. Suppose 61 = u*m - 47. Calculate the greatest common divisor of 24 and m.
12
Suppose 5*f - 333 = -3*w - 120, -2*w + 5*f = -167. Calculate the greatest common factor of w and 1786.
38
Let j = 73 - -83. Suppose -3*r + j - 57 = 0. Let l = 292 + -193. Calculate the highest common factor of l and r.
33
Suppose -3*c = -p + 5, 4*c = 2*p - 0*p - 14. Suppose 4*v = 8*v - 572. Calculate the greatest common divisor of p and v.
11
Suppose -2*n + 7*n = -20, 2251 = 11*p + n. Calculate the highest common factor of p and 164.
41
Let n = -20773 - -23633. What is the highest common factor of 836 and n?
44
Let i be ((-147868)/35)/(-4) - (35/(-5))/(-35). What is the highest common factor of i and 1936?
176
Let v = 159 - 189. Let b be (15/10)/(v/8)*-60. What is the greatest common divisor of b and 2?
2
Let u(f) = -763*f + 16170. Let o be u(21). Let j = 2 - 1. What is the highest common factor of j and o?
1
Let s(h) = -246*h + 1124. Let j be s(4). Calculate the greatest common factor of j and 205.
5
Let h(j) = -2*j + 2. Suppose 3*x + 2*k - 76 = 0, -2*x + 105 = 3*x - k. Suppose 23*t + 1 = x*t. Let f be h(t). Calculate the highest common divisor of f and 12.
4
Let x(d) = -3*d - 14. Let h be x(12). Let z = 52 + h. Let p = z - -4. Calculate the greatest common factor of 15 and p.
3
Suppose -8 = -16*z + 24. Suppose 4*q = m - 5, 3*q = -m + z*q. Let o be m/9 + (-985)/(-45). Calculate the highest common factor of 2 and o.
2
Let n(l) = -4*l**3 + l**2 - 2*l - 3. Let v be n(-1). Suppose v*y - 672 = 1216. Calculate the highest common divisor of y and 59.
59
Suppose 0 = 22*p + 3952 - 190. Let w = p - -255. What is the greatest common factor of 24 and w?
12
Suppose -7*w = -m - 118 - 19, 5*w - 115 = -5*m. Calculate the highest common divisor of w and 10580.
20
Let n = 47 - 43. Let x be n - 5*(-6)/(-15). Suppose -x*z + 23 = -z + 3*o, -3*o = -12. Calculate the highest common divisor of 1 and z.
1
Let t = 293 + -294. Let i be 3/t + ((-30)/(-6) - -7). Calculate the highest common factor of i and 2.
1
Suppose -18 = -0*v - 2*v - b, -2*b + 44 = 5*v. Let z(o) = o**2 - 4*o - 26. Let c be z(8). What is the greatest common factor of c and v?
2
Let f = -13 + 1. Let m be 56/f*(1 + -43). Suppose 2*l + 4*u - 98 = 0, u - 196 = -4*l - 4*u. Calculate the highest common divisor of l and m.
49
Let v be ((-90)/(-75))/((-6)/(-45)). What is the greatest common factor of v and 237?
3
Let p be (-17110)/(-145) + 12 + 0. Calculate the highest common factor of p and 30.
10
Suppose 352 + 7 = c - 2*b, b = -2*c + 713. Suppose 3*t = 5*v - 105, 108*v + 21 = 109*v - t. Calculate the greatest common divisor of v and c.
21
Let b(k) = -3*k**3 - 18*k**2 - 17*k - 1. Let t be b(-8). Let s = -319 + t. What is the highest common divisor of s and 40?
40
Suppose 24*j = -0*j + 120. Suppose -2 = j*c - 267. What is the highest common divisor of 424 and c?
53
Suppose -495*x - 4*c + 8548 = -490*x, -c = 4*x - 6845. What is the highest common factor of x and 112?
16
Suppose -86*g + 73048 + 24734 = 23994. Calculate the greatest common divisor of g and 33.
33
Suppose 6*g = 19*g + 26. Let b(f) = -18*f + 34. Let y be b(g). Calculate the greatest common divisor of y and 28.
14
Suppose -5*o + 415 = -4*z - z, z + 163 = 2*o. Suppose -14*y = -6*y - o. What is the greatest common factor of y and 310?
10
Suppose 4*p + 14*w - 3786 = 12*w, 0 = p + 2*w - 954. What is the highest common divisor of p and 64?
16
Let v be 102/20 + 2/(-20). Suppose -3*j = -v*l + 124, 5*j - 2 + 18 = l. Let b be 4 - 7/(7/(-9)). Calculate the greatest common divisor of b and l.
13
Let i be 7*6*5/15. Let w be 6/(-2) + (i - -1). Let f be -4 + (2 - -5) + 81. Calculate the greatest common factor of f and w.
12
Let l be (-6)/((-9)/18 - (-14)/40). Let z = 4 - -1. Suppose -123 = -z*r + 177. What is the greatest common factor of r and l?
20
Suppose -2*z = 3*v - 112 + 62, 0 = 4*z - v - 86. What is the highest common factor of z and 2?
2
Let c = 20126 - 20061. Calculate the greatest common factor of c and 475.
5
Let v(b) = -12*b + 6. Let k be v(0). Let x be k/9 + 4/3. Let a be 4 - (4 - 2)*-1. What is the highest common factor of x and a?
2
Let y(b) = 6*b**3 + 12*b**2 - 14*b + 36. Let i be y(6). What is the highest common f